 composite?
True
Is 49233 a prime number?
False
Is 7147 a prime number?
False
Is 29338 composite?
True
Is 28437 a prime number?
False
Is 150827 prime?
True
Is 16769 a prime number?
False
Is 17527 a prime number?
False
Is 97943 a composite number?
False
Is 134741 a composite number?
False
Is 258353 prime?
True
Is 4861 a composite number?
False
Is 32297 a prime number?
True
Is 1478261 composite?
True
Is 80203 a prime number?
False
Is 1114877 a composite number?
True
Is 8263 prime?
True
Is 12302 prime?
False
Is 12629 a prime number?
False
Is 2186921 a composite number?
True
Is 86123 a composite number?
True
Is 135829 a prime number?
True
Is 48437 composite?
False
Is 10357 a prime number?
True
Is 658111 prime?
True
Is 931123 composite?
False
Is 250147 prime?
True
Is 169773 composite?
True
Is 420731 a prime number?
True
Is 195317 prime?
False
Is 659047 a composite number?
False
Is 96293 composite?
False
Is 2459 a composite number?
False
Is 126199 a prime number?
True
Is 1259 composite?
False
Is 213635 a prime number?
False
Is 31133 composite?
True
Is 26173 a prime number?
False
Is 11885 prime?
False
Is 24559 composite?
True
Is 211213 a composite number?
False
Is 127031 prime?
True
Is 235553 a prime number?
True
Is 30509 a composite number?
False
Is 8353 a composite number?
False
Is 5189 a prime number?
True
Is 11201 a prime number?
False
Is 73519 composite?
True
Is 32321 prime?
True
Is 1158923 a prime number?
True
Is 142017 a prime number?
False
Is 9647 a composite number?
True
Is 82765 composite?
True
Is 136807 a prime number?
False
Is 387269 a composite number?
False
Is 587563 prime?
True
Is 281297 composite?
False
Is 1077047 prime?
True
Is 3407 a prime number?
True
Is 1515881 a prime number?
True
Is 105601 prime?
True
Is 93473 composite?
True
Is 47557 a composite number?
True
Is 5579 a composite number?
True
Is 709783 prime?
False
Is 4417 prime?
False
Is 4759 a composite number?
False
Is 104579 composite?
False
Is 19939 a prime number?
False
Is 6947 prime?
True
Is 4781 a prime number?
False
Is 1391033 a prime number?
False
Is 3166585 prime?
False
Is 1818769 composite?
False
Is 27323 a prime number?
False
Is 35537 composite?
False
Is 20866 a prime number?
False
Is 22049 a prime number?
False
Is 8779 composite?
False
Is 121747 composite?
True
Is 46803 prime?
False
Is 211 prime?
True
Is 174821 a composite number?
False
Is 2927 a prime number?
True
Is 22179 composite?
True
Is 4097 a composite number?
True
Is 79 prime?
True
Is 32135 prime?
False
Is 127009 composite?
True
Is 40219 composite?
True
Is 51505 a composite number?
True
Is 10367 prime?
False
Is 10831 a composite number?
False
Is 435011 prime?
False
Is 306785 composite?
True
Is 907 prime?
True
Is 3977 prime?
False
Is 389 a prime number?
True
Is 491 composite?
False
Is 851 composite?
True
Is 85067 a prime number?
False
Is 4283111 prime?
False
Is 1822 a prime number?
False
Is 8465 prime?
False
Is 26489 prime?
True
Is 127173 a composite number?
True
Is 5971 a prime number?
False
Is 53527 a prime number?
True
Is 8999 a prime number?
True
Is 532141 a composite number?
False
Is 13829 a composite number?
False
Is 996131 prime?
False
Is 18191 a composite number?
False
Is 2237 prime?
True
Is 22739 a prime number?
True
Is 697351 a prime number?
True
Is 779 a prime number?
False
Is 13641 a prime number?
False
Is 18553 a composite number?
False
Is 159 a prime number?
False
Is 226691 a prime number?
True
Is 257 a composite number?
False
Is 52961 composite?
True
Is 1285 composite?
True
Is 129669 a prime number?
False
Is 131357 a prime number?
True
Is 35813 prime?
False
Is 329009 a prime number?
True
Is 78361 a composite number?
True
Is 29839 a prime number?
False
Is 46633 prime?
True
Is 2237 composite?
False
Is 3966689 a prime number?
True
Is 8353 composite?
False
Is 785879 a prime number?
True
Is 212663 a composite number?
True
Is 50723 prime?
True
Is 361561 composite?
False
Is 142469 composite?
False
Is 229331 prime?
False
Is 559 a composite number?
True
Is 12817 a composite number?
True
Is 1120199 a composite number?
True
Is 190195 a composite number?
True
Is 63183 a composite number?
True
Is 4934 composite?
True
Is 3491 composite?
False
Is 33639 a prime number?
False
Is 2446879 prime?
True
Is 20161 a prime number?
True
Is 470333 composite?
False
Is 30031 prime?
False
Is 1829 a composite number?
True
Is 16703 a prime number?
True
Is 1657 prime?
True
Is 71741 a prime number?
True
Is 534491 prime?
True
Is 3377 a composite number?
True
Is 33893 prime?
True
Is 947561 prime?
True
Is 188597 a composite number?
True
Is 143549 composite?
True
Is 14923 a composite number?
False
Is 216955 prime?
False
Is 1525819 a composite number?
False
Is 50291 composite?
False
Is 8161 composite?
False
Is 156697 a prime number?
False
Is 8513 composite?
False
Is 23789 a prime number?
True
Is 9901 composite?
False
Is 12269 prime?
True
Is 55231 prime?
False
Is 22987 prime?
False
Is 379 a prime number?
True
Is 2617 composite?
False
Is 1655 a composite number?
True
Is 1369813 prime?
True
Is 1130521 composite?
True
Is 58309 a prime number?
True
Is 14243 a prime number?
True
Is 650669 a prime number?
True
Is 99469 a composite number?
False
Is 73081 prime?
False
Is 2761 a prime number?
False
Is 225257 a composite number?
False
Is 7901 composite?
False
Is 43913 prime?
True
Is 13309 prime?
True
Is 16183 a prime number?
True
Is 6637 a composite number?
False
Is 69163 a prime number?
True
Is 16619 a prime number?
True
Is 39617 composite?
True
Is 13891 composite?
True
Is 8003 prime?
False
Is 626917 composite?
False
Is 109097 prime?
True
Is 256699 composite?
False
Is 24233 a prime number?
False
Is 196613 composite?
False
Is 609103 prime?
False
Is 56939 a prime number?
False
Is 144199 composite?
True
Is 14119 a composite number?
True
Is 18787 prime?
True
Is 6407 composite?
True
Is 10717 prime?
False
Is 54647 a prime number?
True
Is 8054 a prime number?
False
Is 7793 composite?
False
Is 416333 a composite number?
False
Is 1361 a prime number?
True
Is 17645 a prime number?
False
Is 337741 composite?
False
Is 1876955 a prime number?
False
Is 1703113 prime?
True
Is 9761 a composite number?
True
Is 458909 a composite number?
True
Is 5703 a composite number?
True
Is 26126 composite?
True
Is 186889 composite?
False
Is 445427 composite?
False
Is 9526735 a prime number?
False
Is 7355 a prime number?
False
Is 104431 a prime number?
False
Is 2896255 prime?
False
Is 2897 a prime number?
True
Is 47453 prime?
False
Is 9647 a composite number?
True
Is 12991 composite?
True
Is 984539 a composite number?
False
Is 646441 a composite number?
True
Is 85229 a prime number?
True
Is 18455 a composite number?
True
Is 28729 a prime number?
True
Is 644419 composite?
True
Is 43161 a composite number?
True
Is 31897 a composite number?
True
Is 4327 composite?
False
Is 326 prime?
False
Is 117017 prime?
True
Is 169217 a composite number?
False
Is 100235 a composite number?
True
Is 84913 composite?
False
Is 54227 prime?
False
Is 30947 prime?
False
Is 46889 a composite number?
False
Is 333406 a composite number?
True
Is 2155 composite?
True
Is 21993 prime?
False
Is 18035 composite?
True
Is 3821 prime?
True
Is 27019 prime?
False
Is 71683 prime?
False
Is 581811 prime?
False
Is 195313 prime?
False
Is 102959 a prime number?
False
Is 42263 prime?
False
Is 127807 a composite number?
False
Is 19277 composite?
True
Is 21481 prime?
True
Is 8663 a composite number?
False
Is 316289 composite?
True
Is 15409 prime?
False
Is 44567 a composite number?
True
Is 439 a composite number?
False
Is 3293173 a prime number?
False
Is 6769 composite?
True
Is 1099 a composite number?
True
Is 33037 a composite number?
False
Is 558913 a composite number?
False
Is 1447531 a composite number?
True
Is 10133 a composite number?
False
Is 352883 composite?
False
Is 50111 prime?
True
Is 40559 composite?
False
Is 10243 prime?
True
Is 35965 composite?
True
Is 30631 a prime number?
True
Is 511 composite?
True
Is 7054 prime?
False
Is 32063 prime?
True
Is 8147 prime?
True
Is 1197281 a prime number?
True
Is 482873 composite?
False
Is 10819 a prime number?
False
Is 369673 a composite number?
False
Is 7817 composite?
False
Is 583681 prime?
False
Is 44839 composite?
False
Is 267191 a prime number?
False
Is 254263 